 i(n) = -n**3 - n**2 - 6*n - 4. Let g be i(-3). Let u = g - 20. What are the prime factors of u?
2, 3
Let n(q) = -2*q + 12. Let a be n(5). Suppose 5*v - 3*c - 120 = 159, c = -a*v + 105. List the prime factors of v.
2, 3
Suppose -10*f - 282 = -2082. List the prime factors of f.
2, 3, 5
Let w(x) be the first derivative of 2*x**2 + 16*x + 2. Let z be w(-12). Let s = 58 + z. What are the prime factors of s?
2, 13
Suppose 0 = 4*t - 30 - 106. Suppose -2*r + 0*l - l + 32 = 0, 0 = 2*r + 2*l - t. List the prime factors of 1*-10*r/(-10).
3, 5
Suppose 2*t = -3*f + 16, 4*f + f = 2*t. Suppose -945 = f*g - 7*g. List the prime factors of g.
3, 7
Suppose 4*f + 3*k - 306 = 239, -4*f - 4*k + 540 = 0. What are the prime factors of f?
2, 5, 7
Suppose 177 = 2*a - 685. Let z = -294 + a. Suppose 0 = -4*d - 17 + z. List the prime factors of d.
2, 3, 5
Let j(m) = -m**2 - 11*m + 8. Let z be j(-11). Let i(v) be the first derivative of 2*v**2 + 8*v + 19. What are the prime factors of i(z)?
2, 5
Let f(s) = 129*s**2 - 37*s - 75. List the prime factors of f(-2).
5, 103
Let a(w) = -w**2 + 7*w. Let v be a(10). Let b = v + 32. What are the prime factors of b?
2
Suppose 2*t = 49*t - 29093. What are the prime factors of t?
619
Let v be (-1)/4*2*-6. List the prime factors of ((-55)/(-15) - v)*270.
2, 3, 5
Let y(l) = -l + 2. Let n(m) = m + 1. Let i(d) = -3*n(d) - y(d). Let v be i(-4). Suppose 248 = 4*x + v*r + 61, 5*r = -15. List the prime factors of x.
7
Suppose 12 = 7*w - w. Suppose -y = -4*x + 409, x + 4*x = w*y + 509. What are the prime factors of x?
103
Suppose 50*o - 43*o - 7497 = 0. List the prime factors of o.
3, 7, 17
Let w be (-1)/(-2) + 5112/48. Let d = -68 + w. List the prime factors of d.
3, 13
Suppose -94 = u - 455. List the prime factors of u.
19
Let a(b) = b**2 - 8*b + 266. What are the prime factors of a(0)?
2, 7, 19
Suppose -1253 = 2*g + 3*p, -3*p - 3471 = 5*g - 352. What are the prime factors of g/(-16) + 2/16?
3, 13
Let d = 1079 - 84. List the prime factors of d.
5, 199
Let p(q) = q - 1. Let g be p(11). What are the prime factors of -6*5/g - -63?
2, 3, 5
Let s = -180 + 206. List the prime factors of s.
2, 13
Let r(g) = g + 3. Let w be r(0). Let k = w - -6. Suppose 3*s - k = -3. What are the prime factors of s?
2
Suppose 7*i + 0*i = 21. Suppose 4*l - 2*a = 150, 2*l - i*l = 5*a - 43. List the prime factors of l.
2, 19
Suppose 3*q - 30 = -2*q. Suppose 2*c - 2*z = 20, 4*c + 17 = q*c - z. Suppose -h = -8 - c. What are the prime factors of h?
3, 5
Suppose -3*z + 558 = 3*p, 0 = -z + 4 - 3. List the prime factors of p.
5, 37
Let o = 75 - 152. Let p(i) = 91*i - 168. Let c(k) = 7*k - 13. Let q(m) = o*c(m) + 6*p(m). List the prime factors of q(8).
7
Suppose -94*d - 36 = -98*d. Suppose -d*m = -24*m + 2700. What are the prime factors of m?
2, 3, 5
Let d = -6157 - -8807. List the prime factors of d.
2, 5, 53
What are the prime factors of -1 - (3 - 275) - -2?
3, 7, 13
Let s(w) = w**2 - 5*w + 4. Let g be s(4). Suppose -5*y + 261 - 86 = g. List the prime factors of y.
5, 7
Let k(l) = -2*l**2 - 87*l - 6. List the prime factors of k(-38).
2, 103
List the prime factors of 215/(-10)*(0 - 40).
2, 5, 43
Let i(y) = 97*y - 408. What are the prime factors of i(27)?
3, 11, 67
Let t = -19 - -31. Suppose u - 5*n - 20 = 0, u + 3*n = 6*u - t. Suppose -2*x + 103 - 13 = u. List the prime factors of x.
3, 5
Let q = -17 + 321. List the prime factors of q.
2, 19
Let j = 13 + -18. Let u(r) = 3*r**2 + 7*r + 3. What are the prime factors of u(j)?
43
Let o(q) = -70*q - 183. List the prime factors of o(-11).
587
Suppose -2*h - 28 = -r, -h - 4*r - r = 3. Let n = -10 - h. Suppose d = 3*t - 11, n*d - 7 = t - 0*t. What are the prime factors of d?
2
Suppose 24*w - 9315 = -651. What are the prime factors of w?
19
Suppose 2*w + 29 = 7. Let q = w + 17. Suppose g = -5*o + 9, -3*o + o = -2*g + q. List the prime factors of g.
2
Suppose -3*o - 2*o = 0. Suppose -4*i - 4 - 4 = o. List the prime factors of (33/12)/(i/(-8)).
11
Suppose 17 = -4*f - 15. Let g = f - -10. Suppose 5*b - 16 = -g*s, 34 = 6*s - 4*s - 4*b. List the prime factors of s.
13
Let m be (-1)/(3 - (-2 + 4)). Let z(v) = 2*v**2 + 2 + v - 1 - 10*v**3 - 3*v**2. List the prime factors of z(m).
3
Let m(h) = -3*h**2 - 3*h + 26. Let g be m(-6). Let w = 268 + g. What are the prime factors of w?
2, 3, 17
Let g(z) = 4*z**3 + 3*z**2 + z. Let x be g(-1). Let p be -4*x/(-4) + -70. Let a = -20 - p. What are the prime factors of a?
2, 13
Let l(n) be the first derivative of n**4/2 - 11*n**3 - n**2/2 + n + 34. What are the prime factors of l(17)?
3, 7, 13
Let b(d) = d**2 + 8*d + 17. Let s be b(6). Suppose 0 = -2*l - 5*n + 89, -s = -4*l + 2*l - n. What are the prime factors of l?
2, 13
Suppose 39 = -3*b + 39. Suppose -5*r + 254 = g, b = -4*g - 5*r + 589 + 382. What are the prime factors of g?
239
List the prime factors of 6/4*87730/93.
5, 283
Let j(w) = -w**2 + 103*w + 32. List the prime factors of j(24).
2, 241
Let k = 6 - 9. What are the prime factors of k/(-12) + (-333)/(-12)?
2, 7
Suppose 2*h + 4 = -18. Suppose 45 = -4*w + 17. Let p = w - h. What are the prime factors of p?
2
Let d(j) = 3*j**2 - 9*j + 84. List the prime factors of d(9).
2, 3, 41
Let m = 108 - 106. Suppose 7*b = -m*b + 2871. List the prime factors of b.
11, 29
List the prime factors of ((9/2)/3)/(348/155440).
2, 5, 67
Suppose 6485 = 5*d - n, 5*d - 5169 = d - 3*n. What are the prime factors of d?
2, 3
Suppose 5*q - 3045 = 5*s, -20*s + 25*s + 20 = 0. What are the prime factors of q?
5, 11
Suppose 0 = 2*h + l + 8 - 19, -11 = 3*h - 4*l. Let g(r) be the third derivative of r**4/24 + r**3/2 - r**2. List the prime factors of g(h).
2, 3
Suppose 35*v - 1398 = 4132. What are the prime factors of v?
2, 79
Let z be (28/8)/(1/20). Let s = 137 + z. What are the prime factors of s?
3, 23
Let s = -53 - -185. Suppose g = -2*l + s, -3*l + 660 = 3*g + 2*g. What are the prime factors of g?
2, 3, 11
Suppose -38*z + 1966 = -36*z. What are the prime factors of z?
983
Suppose u + 14 = 45. Let k(s) = -2*s**3 - s**2 + 2*s - 1. Let w be k(2). Let g = w + u. List the prime factors of g.
2, 7
Let d be ((-8)/12)/((-2)/42). Let m = d - 10. Suppose 3*w + m*r - 3*r = 73, -2*w - 4*r + 62 = 0. List the prime factors of w.
23
Let h(r) = 4329*r**3 - 2*r. What are the prime factors of h(1)?
4327
Suppose 0 = 5*j - j - 16. Suppose -j*l - 9 = -7*l. Suppose -4*c - 208 = -l*n, 4*n - 345 = -3*c - 101. What are the prime factors of n?
2
Let c(m) = -4*m + m - 16 + 2. Let o be c(-7). Suppose -1 = -3*w + 4*v - 2, w - 3*v = -o. What are the prime factors of w?
5
Suppose 4*h - 300 - 196 = 0. What are the prime factors of h?
2, 31
Let f(l) = 23*l**2 - 43*l - 279. List the prime factors of f(-12).
3, 7, 13
Suppose -3*c = -6*c - 3, -4*k + 143 = -3*c. Suppose 39 = -2*n + y, -2*n - y - 2*y - k = 0. Let d = n + 50. List the prime factors of d.
31
Suppose -h - 10 = -6*h. Suppose h*f = x + 29, -2*x + 0*f + 3*f - 53 = 0. Let j = 43 + x. What are the prime factors of j?
2, 3
Let t = 658 + -262. List the prime factors of t.
2, 3, 11
Let c be (-5)/(20/(-12)) - 4. Let f be (3 - 2)/(c/(-11)). Let n = -1 + f. What are the prime factors of n?
2, 5
Suppose -f - 2*o - 1 = -0, 0 = 3*f - 4*o - 27. Let x = 8 - f. Suppose 71 = 4*k + 5*u, -4*u - 44 = -x*k + 17. List the prime factors of k.
19
Let f = -47 - -89. Let o be f/8*(-4 - -8). What are the prime factors of 2 + (-7)/(o/(-96))?
2, 17
Let p = -138 + 418. What are the prime factors of (p/12)/((-3)/(-9))?
2, 5, 7
Let c = 22 + 315. List the prime factors of c.
337
Let o be ((-88)/(-33))/(4/222). Suppose -7*h + 876 = o. List the prime factors of h.
2, 13
Suppose 2*d + z - 276 = 32, 10 = -5*z. What are the prime factors of (-4 - 0 - -4) + d?
5, 31
Let t be (-4 - -3)/(3/6). What are the prime factors of 15/6 - 53/t?
29
Let t be 3 - (-5)/(10/(-6)). Suppose t = 5*r - 2*r - 60. List the prime factors of -8*r/(-8) - 2.
2, 3
Suppose -21*u + 4400 = 4*p - 26*u, 2*p - 2200 = 3*u. What are the prime factors of p?
2, 5, 11
What are the prime factors of (-14010)/(-18)*(6 - (3 + 0))?
5, 467
Let q(u) = -u. Let o be q(9). Let m(w) = w**3 + 9*w**2 - 12*w - 21. What are the prime factors of m(o)?
3, 29
Let r(w) = -10*w + 20. List the prime factors of r(-10).
2, 3, 5
Suppose -33 = -5*k + 32. What are the prime factors of -5*(2/k - 13